the remainder when 558 is divided by 43.
42
What is the remainder when 282 is divided by 26?
22
Calculate the remainder when 622 is divided by 30.
22
Calculate the remainder when 110 is divided by 41.
28
Calculate the remainder when 5261 is divided by 7.
4
Calculate the remainder when 199 is divided by 53.
40
Calculate the remainder when 228 is divided by 64.
36
Calculate the remainder when 1500 is divided by 74.
20
What is the remainder when 1694 is divided by 53?
51
Calculate the remainder when 186 is divided by 60.
6
Calculate the remainder when 215 is divided by 10.
5
Calculate the remainder when 384 is divided by 11.
10
What is the remainder when 402 is divided by 132?
6
Calculate the remainder when 399 is divided by 29.
22
What is the remainder when 159 is divided by 23?
21
What is the remainder when 20 is divided by 13?
7
What is the remainder when 363 is divided by 88?
11
Calculate the remainder when 405 is divided by 45.
0
What is the remainder when 699 is divided by 39?
36
What is the remainder when 310 is divided by 43?
9
Calculate the remainder when 48 is divided by 24.
0
Calculate the remainder when 630 is divided by 77.
14
What is the remainder when 539 is divided by 45?
44
What is the remainder when 779 is divided by 197?
188
What is the remainder when 3504 is divided by 135?
129
What is the remainder when 1130 is divided by 14?
10
What is the remainder when 1213 is divided by 81?
79
Calculate the remainder when 300 is divided by 43.
42
Calculate the remainder when 56 is divided by 2.
0
Calculate the remainder when 961 is divided by 26.
25
What is the remainder when 2270 is divided by 33?
26
Calculate the remainder when 127 is divided by 51.
25
What is the remainder when 1176 is divided by 145?
16
What is the remainder when 1472 is divided by 715?
42
Calculate the remainder when 1655 is divided by 27.
8
What is the remainder when 1159 is divided by 37?
12
Calculate the remainder when 107 is divided by 51.
5
Calculate the remainder when 116 is divided by 14.
4
What is the remainder when 148 is divided by 32?
20
Calculate the remainder when 754 is divided by 54.
52
Calculate the remainder when 9809 is divided by 22.
19
Calculate the remainder when 120 is divided by 41.
38
Calculate the remainder when 5567 is divided by 232.
231
Calculate the remainder when 501 is divided by 44.
17
What is the remainder when 361 is divided by 26?
23
What is the remainder when 16477 is divided by 32?
29
What is the remainder when 44988 is divided by 38?
34
Calculate the remainder when 7838 is divided by 196.
194
What is the remainder when 133 is divided by 9?
7
Calculate the remainder when 189 is divided by 25.
14
What is the remainder when 2650 is divided by 2?
0
Calculate the remainder when 643 is divided by 69.
22
What is the remainder when 48 is divided by 11?
4
What is the remainder when 158 is divided by 81?
77
What is the remainder when 6171 is divided by 9?
6
Calculate the remainder when 204 is divided by 122.
82
Calculate the remainder when 997 is divided by 48.
37
Calculate the remainder when 130 is divided by 48.
34
Calculate the remainder when 117 is divided by 17.
15
Calculate the remainder when 340 is divided by 8.
4
What is the remainder when 280 is divided by 57?
52
Calculate the remainder when 5142 is divided by 147.
144
Calculate the remainder when 142 is divided by 36.
34
What is the remainder when 1374 is divided by 37?
5
Calculate the remainder when 179 is divided by 48.
35
Calculate the remainder when 10 is divided by 9.
1
What is the remainder when 85 is divided by 18?
13
Calculate the remainder when 238 is divided by 20.
18
Calculate the remainder when 236 is divided by 80.
76
What is the remainder when 268 is divided by 90?
88
What is the remainder when 170 is divided by 29?
25
What is the remainder when 145 is divided by 21?
19
Calculate the remainder when 580 is divided by 137.
32
Calculate the remainder when 2831 is divided by 118.
117
Calculate the remainder when 695 is divided by 49.
9
Calculate the remainder when 2086 is divided by 1040.
6
What is the remainder when 10100 is divided by 91?
90
Calculate the remainder when 1308 is divided by 21.
6
Calculate the remainder when 99 is divided by 58.
41
Calculate the remainder when 438 is divided by 18.
6
What is the remainder when 500 is divided by 167?
166
Calculate the remainder when 968 is divided by 154.
44
What is the remainder when 470 is divided by 162?
146
What is the remainder when 72 is divided by 12?
0
What is the remainder when 2513 is divided by 168?
161
What is the remainder when 10668 is divided by 110?
108
Calculate the remainder when 83 is divided by 24.
11
What is the remainder when 525 is divided by 51?
15
What is the remainder when 158 is divided by 3?
2
Calculate the remainder when 332 is divided by 56.
52
Calculate the remainder when 42589 is divided by 32.
29
Calculate the remainder when 175 is divided by 93.
82
Calculate the remainder when 98 is divided by 72.
26
What is the remainder when 793 is divided by 207?
172
Calculate the remainder when 45 is divided by 1.
0
What is the remainder when 1603 is divided by 100?
3
What is the remainder when 2128 is divided by 21?
7
Calculate the remainder when 98 is divided by 8.
2
Calculate the remainder when 103 is divided by 26.
25
Calculate the remainder when 4475 is divided by 135.
20
What is the remainder when 345 is divided by 27?
21
What is the remainder when 192 is divided by 43?
20
Calculate the remainder when 1973 is divided by 25.
23
What is the remainder when 411 is divided by 109?
84
Calculate the remainder when 3894 is divided by 1292.
18
Calculate the remainder when 544 is divided by 177.
13
What is the remainder when 31 is divided by 6?
1
What is the remainder when 110 is divided by 14?
12
What is the remainder when 415 is divided by 136?
7
Calculate the remainder when 30 is divided by 2.
0
Calculate the remainder when 188 is divided by 21.
20
Calculate the remainder when 263 is divided by 101.
61
What is the remainder when 437 is divided by 112?
101
Calculate the remainder when 93 is divided by 33.
27
What is the remainder when 13844 is divided by 11?
6
What is the remainder when 2155 is divided by 218?
193
What is the remainder when 401 is divided by 16?
1
Calculate the remainder when 302 is divided by 96.
14
What is the remainder when 477 is divided by 16?
13
Calculate the remainder when 46 is divided by 17.
12
Calculate the remainder when 331 is divided by 30.
1
Calculate the remainder when 959 is divided by 26.
23
Calculate the remainder when 113 is divided by 58.
55
What is the remainder when 46 is divided by 7?
4
What is the remainder when 197 is divided by 67?
63
What is the remainder when 653 is divided by 65?
3
Calculate the remainder when 420 is divided by 120.
60
What is the remainder when 470 is divided by 33?
8
Calculate the remainder when 722 is divided by 121.
117
What is the remainder when 187 is divided by 107?
80
Calculate the remainder when 150 is divided by 65.
20
What is the remainder when 9189 is divided by 317?
313
What is the remainder when 194 is divided by 45?
14
Calculate the remainder when 1170 is divided by 23.
20
What is the remainder when 401 is divided by 82?
73
What is the remainder when 1498 is divided by 212?
14
What is the remainder when 539 is divided by 5?
4
What is the remainder when 43 is divided by 4?
3
What is the remainder when 113 is divided by 81?
32
Calculate the remainder when 580 is divided by 158.
106
What is the remainder when 402 is divided by 107?
81
Calculate the remainder when 42 is divided by 18.
6
Calculate the remainder when 971 is divided by 239.
15
Calculate the remainder when 303 is divided by 44.
39
Calculate the remainder when 598 is divided by 40.
38
Calculate the remainder when 63 is divided by 26.
11
What is the remainder when 57 is divided by 9?
3
Calculate the remainder when 276 is divided by 70.
66
Calculate the remainder when 609 is divided by 47.
45
What is the remainder when 58 is divided by 21?
16
What is the remainder when 10598 is divided by 10?
8
Calculate the remainder when 609 is divided by 60.
9
Calculate the remainder when 49 is divided by 7.
0
What is the remainder when 1347 is divided by 222?
15
What is the rem